 = -44. Let y(k) = -3*k**2 - k + 1. Calculate y(o).
-13
Let g(y) = y - 1. Let i(w) = -2*w + 3. Let n(h) = -3*g(h) - 2*i(h). Calculate n(8).
5
Let t(w) be the first derivative of -3/2*w**2 - 3*w - 8. Suppose -3 = 2*a - a. What is t(a)?
6
Let r = -34 - -38. Let p be 6/(-12) + 26/r. Let n(z) be the second derivative of -z**5/20 + z**4/2 - 2*z**2 - z. Give n(p).
-4
Let l(g) = -g**2 - 2*g + 1. Suppose 2*m - 10 = -0*m. Suppose -2*s = -2*u - 4, -5 = -4*s + m*u - 0*u. Suppose f + 15 = -4*f, s*z = 2*f - 9. Give l(z).
-2
Let m be (-2)/(-26) - (9 + 1216/(-247)). Let f(q) = q**3 + 4*q**2 + 5*q + 4. Calculate f(m).
-16
Let u(w) be the first derivative of 5/4*w**4 + 4 - 7/2*w**2 - 7/3*w**3 - 4*w. Let v(h) = 2*h**3 - 3*h**2 - 3*h - 2. Let d(n) = 3*u(n) - 7*v(n). Calculate d(-2).
-6
Let p(x) = x + 20. Let s be p(-11). Let v(i) = -i**2 + 9*i + 2. Let h be v(s). Let g(q) = -q**3 + 5*q + 2*q**3 + 26 - 22 + 6*q**h. Determine g(-5).
4
Let t be 3/(-24)*-30 - 1/(-4). Suppose t*b - 13 - 11 = 0. Let w(y) = y + 1. Let h(d) = -6. Let o(a) = -h(a) + w(a). Give o(b).
13
Suppose -5*v - 5 - 10 = 0, 0 = -5*w + 2*v - 9. Let q(l) = l. Let u(x) = 6*x - 1. Let g(t) = w*u(t) + 15*q(t). What is g(-5)?
18
Let g(m) = -m**2 - 12*m - 20. Let b be g(-10). Suppose 2*k + 3 = 3*w - 3, b = 2*k. Let l(d) = -7*d - 1. Calculate l(w).
-15
Let p be 6/2 + -3 - -2. Let f(z) = z**3 - z**2 + z - 2. Let v be f(p). Let r(t) = 0*t + t - v*t + 2*t. What is r(0)?
0
Let u(g) = -3*g + 13. Let j be ((-6)/(-9))/(-4*5/(-210)). Give u(j).
-8
Let p(g) be the third derivative of -g**5/60 + 5*g**4/24 - g**3/3 - g**2. Let z be p(4). Let o(m) = -6*m**2 + 3*m**z - 5*m + 4*m**2 + 5. Calculate o(5).
5
Let r(q) be the second derivative of 5*q**3/6 + 3*q**2/2 + 14*q. Let i = -1 - -3. Suppose 2*k + i = k. What is r(k)?
-7
Let d(y) = -5*y**2 - 2 + 12*y**2 - 6*y - y**3 + 0*y. Let m(w) = w**3 + 23*w**2 + 20*w - 47. Let p be m(-22). Let f be (p + -12)*2/(-5). Calculate d(f).
-2
Let z(w) = -7*w**2 + 2*w + 3. Let t(y) = 3*y**2 - y - 2. Let i(j) = -5*t(j) - 2*z(j). Give i(-3).
-8
Suppose v = -3 + 4. Let g be -3 - (v - (1 + -1)). Let f(y) = -6*y**3 + 2*y - 1. Let z(r) = -r**3 + r**2 + r. Let n(d) = f(d) - 5*z(d). Give n(g).
-5
Let c(n) = 29*n**2 - 59*n**2 - 12 + 0 + 22*n**2 + 2*n + n**3. What is c(8)?
4
Let y(p) = 2*p**2 - 3*p + 9. Let m(z) = -z**2 + z - 3. Let k(a) = 3*m(a) + y(a). Suppose -1 = -4*o + 2*c + 13, -19 = -4*o + 3*c. Give k(o).
-1
Let c = 125 - 115. Let t(m) = -m**2 + 10*m - 6. What is t(c)?
-6
Let t(l) be the second derivative of -l**3/6 + 11*l**2/2 - 8894*l + 2. Let j be 0 + 5 - (0 - 0). Give t(j).
6
Let v(g) = 0 - 4*g + 3*g**3 - 2*g**3 + 2 + 3*g**2. Suppose 0 = -2*m - 2*m - 736. Let w be (m/161)/((-2)/(-7)). Calculate v(w).
2
Let y be (2/2 + -2)/(106/1590). Let r(k) = k**2 + 15*k + 2. Determine r(y).
2
Let x = -17 - -29. Suppose -h = 2*h + 5*c + x, 4 = -h + 3*c. Let m(z) be the first derivative of z**4/4 + 4*z**3/3 + 5*z - 6. What is m(h)?
5
Let r(i) be the first derivative of -i**3/3 - i**2 + 4*i - 54. Determine r(-7).
-31
Let g(t) = -22*t - 2. Let u(w) = 4*w. Let s(j) = -g(j) - 6*u(j). Let f(h) = -h + 10. Let n be f(7). Let x(c) = c. Let o be x(n). Determine s(o).
-4
Suppose 0 = -v - 3*v + 20. Suppose v*m + 35 = h, -m + 0*h - h = 1. Let k(j) = -j**2 - 8*j - 7. What is k(m)?
5
Let p be 2 + 0 + 1 - (-6 + 4). Let u(d) = 7 + d - d**2 - 3*d - p*d + 5*d. Give u(-4).
-1
Let u(n) = n**3 + n**2 - n - 1. Let a(b) = 6*b**3 + 9*b**2 - 3*b - 9. Let p(k) = -a(k) + 5*u(k). Suppose 0*t - 2*t + 22 = 0. Let g = 8 - t. What is p(g)?
1
Let h(v) = v + 7*v**3 - 8*v**3 + 0*v**3 + 3 - v**3 + 3*v**2. Suppose -5*i = 33 - 48. Determine h(i).
-21
Suppose 2*c = -11*c + 13. Let u = 7 + c. Let r(o) = -o**3 + 7*o**2 + 10*o - 10. Give r(u).
6
Suppose -3*t = -6*t + 6. Suppose 0 = t*v - w - 11, 0*w = v - w - 7. Let n(q) = -q. Calculate n(v).
-4
Let m(s) = s + 3. Suppose u - 2*t = 0, -4*u - 4*t = -t. Suppose 2*z - z = v - 2, u = -3*z + 2*v - 5. Let g be z*(0 - 2)*-3. Determine m(g).
-3
Suppose -2*g - 44 = -w, -g + 9 = -5*w + 265. Suppose 53 = -u + w. Let f(l) = -l + 1. Calculate f(u).
2
Let q(a) = a**2 - 2*a. Suppose -20*y + 17*y + 75 = 0. Suppose 0 = 5*r - y, -7*c + 4*c = -3*r + 6. Give q(c).
3
Let u(n) be the third derivative of n**4/2 + 3*n**3/2 - 12*n**2. Let a(t) = -4*t - 3. Let s(z) = -11*a(z) - 4*u(z). Let o be (3/5)/(1/5). Calculate s(o).
-15
Let n(j) be the third derivative of j**5/60 - 7*j**4/24 + 3*j**3/2 + 142*j**2 - 3. Give n(0).
9
Let j(r) = -4*r**2 - 17*r + 0*r**2 + 15*r + 1. Let d(b) = 7*b**2 + 3*b - 3. Let z(q) = 3*d(q) + 5*j(q). What is z(-3)?
8
Let u be (14/4)/(3/(-6)). Let j be 4/(-7 + 5)*1. Let n(x) = -10*x**2 + 21*x - 6. Let w(i) = 3*i**2 - 7*i + 2. Let q(o) = j*n(o) + u*w(o). What is q(6)?
4
Let h(o) = o**2 + 4*o - 45. Let g be h(-9). Let t(k) = -k - 14. Give t(g).
-14
Suppose 64*y - 61*y = 24. Let r(w) = -w**2 + 5*w - 1. Determine r(y).
-25
Let q(m) be the first derivative of -3/2*m**2 + m - 12. Determine q(5).
-14
Let y(l) = 8*l**2 + 2*l + 2. Suppose -17*x + 17 = -34*x. Give y(x).
8
Let k(x) = 2*x**2 - 5*x - 3. Let y be k(5). Let g(w) = w - 22. Let n be g(0). Let b be 62/n + (-4)/y. Let m(u) = -u - 1. Determine m(b).
2
Let y(m) = -4*m + 68. Let r be y(16). Let h(l) = 6 + 0 + r - 7*l + 5*l. Give h(-7).
24
Let m(w) = -4*w**2 - w. Let y = 11 - 9. Suppose -d = -n, -2*n + 3 = 3*d - y. Give m(d).
-5
Let k(j) = -3*j + 3. Let z be k(2). Let x(q) be the first derivative of -3*q - 13. Let l(g) = -g + 10. Let s(i) = 4*l(i) + 14*x(i). Determine s(z).
10
Suppose 3 = s - 5*j, 45*j - 44*j - 1 = 0. Let m(a) = -2*a**2 + 11*a - 3. What is m(s)?
-43
Let w(p) = 5*p - 20. Let f be w(5). Let c(d) = 2*d + 4*d + 0 - 6 - 4*d. What is c(f)?
4
Let x(c) = c + 5. Let t be x(0). Let k(b) be the first derivative of 1/2*b**2 + 7*b + 14. Calculate k(t).
12
Let l(p) = -85701*p**2 - 11 + 6*p + 10 + 85700*p**2. Suppose -2*i - 8 = -6*i. Let t = i - -1. Give l(t).
8
Let t(a) = 6*a - 9. Let h(u) = 13*u - 18. Let z(g) = g**2 - 6*g + 2. Let r be z(5). Let b be 6 + (1 + r - 0). Let j(p) = b*h(p) - 9*t(p). Calculate j(6).
-3
Suppose 2*t - 5*t = 33. Let g(n) = 6*n + 16. Let k(o) be the first derivative of -o**2/2 - 3*o - 31. Let d(c) = t*k(c) - 2*g(c). Give d(0).
1
Let x(z) be the third derivative of -17*z**4/24 + 65*z**2. Calculate x(2).
-34
Let c be 72/48*2*1. Let s(m) = -m**3 + 0*m**c - 11*m + 15*m - 5 + 3*m**2. Suppose v + 16 = 5*v. Give s(v).
-5
Let z be 182/476 + 2/17. Let m(d) be the first derivative of z*d**2 + 6*d + 1. What is m(-6)?
0
Let p = -15 - 20. Let c be 4/(-6) - (4 + p/3). Let h(r) = -r + 7. Give h(c).
0
Let d(y) = -y**3 + y**2 - y - 1. Let l(h) = 5*h**3 - 6*h**2 + 5*h + 7. Let k(c) = 6*d(c) + l(c). Let i(o) = -o**2 - 13*o + 1. Let n be i(-13). Give k(n).
-1
Suppose -3*u - 2*f - 17 = -6*f, 4*f = 20. Let w(g) = g - 16 + 15 - 11*g. Let i(z) = 20*z + 2. Let n(k) = 6*i(k) + 11*w(k). What is n(u)?
11
Let f be (-11 - -9)/((-1)/1). Let p(t) = -t**2 - t + 2 - 2*t + f*t**2 - t. Give p(2).
-2
Let l(t) = 9*t - 34. Let a(s) = -5*s + 21. Let u(o) = -7*a(o) - 4*l(o). Calculate u(-8).
-3
Let s(m) = -m**2 - 5*m - 7. Let g(w) = 2*w**2 + 8*w + 10. Let f(l) = 5*g(l) + 8*s(l). What is f(3)?
12
Let d(w) = 2*w**2 - 2. Let s = -240 - -242. Calculate d(s).
6
Suppose -s - 3712 = -3714. Let h(q) = -2*q**2 + q + 6. Determine h(s).
0
Suppose d + 4*k = 9 + 1, -4*d + 6 = -k. Suppose -4*j + d = 10. Let t be (3/j)/((-3)/4). Let p(z) = 2*z + 1. What is p(t)?
5
Let i(d) be the third derivative of 1/60*d**5 + 0 - 10*d**2 + 7/2*d**3 + 0*d + 5/8*d**4. Let y be i(-14). Let h(l) = -l + 10. Give h(y).
3
Let k(j) = -7 - j**3 + 126*j - 118*j + 2*j**3 - 6*j**2 - j**2. Suppose 0*i - 36 = -6*i. Determine k(i).
5
Let i(h) = -h**2 + 8*h - 5. Suppose -n + 33 = 2*d, -2*d - 3*d = 2*n - 65. Suppose 7*x + n = 12*x. Calculate i(x).
2
Let s = 91 + -102. Let q = -11 - s. Let v(k) = k**2 + k + 3. Calculate v(q).
3
Let w(u) = -9*u**2 - 2*u - 1. Let j be (-2 - -7)/(-15)*-42. Let m be 32/j + (-4)/14. Suppose m*y + 12 - 10 = 0. What is w(y)?
-8
Let a(g) = 3*g + 3 - 4 + 2 + 3691*g**2 - 3689*g**2. Determine a(0).
1
Let h(b) = -b**2 - 6*b + 1. Let y(k) be the third derivative of k**4/12 + 7*k**3/6 - 11*k**2. Let j be y(-6). Give h(j).
6
Suppose 12 = 5*q - 3*r - 5, 4*q + 5*r - 21 = 0. Let o(z) = 3*z + z 